e q(-3).
-3136
Let x(h) = -18012*h + 1188788. What is x(66)?
-4
Let s(h) = -h**3 - 26*h**2 - 126*h + 328. Calculate s(-18).
4
Let y(x) = -x**2 - 8737*x + 785510. Calculate y(89).
-4
Let q(x) = 2*x**3 + 28282*x**2 + 18*x + 6. Give q(0).
6
Let c(a) = 1484*a**2 + 26688*a - 410. What is c(-18)?
22
Let h(s) = -s**3 - 2*s**2 + 248*s - 694. Determine h(13).
-5
Let w(p) = -1350*p**2 + 2702*p - 7. Calculate w(2).
-3
Let m(j) = j**3 + 194*j**2 + 5224*j + 1256. What is m(-32)?
-24
Let r(y) = 22*y - 2244. Calculate r(84).
-396
Let m(q) = 560*q + 3559. Determine m(-6).
199
Let s(n) = -2*n**3 - 3*n**2 + 193*n + 955. Calculate s(-6).
121
Let a(c) = -679*c - 42045. What is a(-62)?
53
Let n(v) = -5*v**2 + 196*v + 939. Determine n(43).
122
Let k(i) = -3*i**3 - 160*i**2 - 30*i + 1058. Determine k(-53).
-161
Let y(v) = 17*v**3 - 18*v**2 + 37*v + 55. Determine y(-1).
-17
Let a(o) = -24*o**3 - 4*o**2 + 1408*o + 2812. Calculate a(-2).
172
Let q(f) = -189*f - 25760. Determine q(-164).
5236
Let h(a) = -702*a**2 - 4*a + 15. Give h(1).
-691
Let h(i) = -i**2 + 96725*i + 580397. Give h(-6).
11
Let y(v) = -15*v**2 + 7456*v - 7921. Give y(496).
15
Let p(u) = -u**2 - 261*u - 6712. Calculate p(-232).
16
Let r(j) = 3165*j - 38340. Give r(12).
-360
Let a(b) = -523561*b - 38219956. What is a(-73)?
-3
Let i(l) = 25*l**3 + 65*l**2 + 1178*l + 1129. Give i(-1).
-9
Let k(s) = 2*s**2 - 245*s - 2726. Give k(132).
-218
Let b(o) = -50*o**2 - 1959*o - 137. Determine b(-39).
214
Let o(f) = -8096*f + 56597. Calculate o(7).
-75
Let k(y) = -421*y + 31266. Give k(78).
-1572
Let m(u) = -u**3 - 109*u**2 - 375*u - 6035. Give m(-106).
7
Let v(o) = 1031*o + 1160. Calculate v(-1).
129
Let s(w) = w**3 + 83*w**2 - 85*w + 573. Calculate s(-84).
657
Let p(r) = -1040*r - 611. Determine p(2).
-2691
Let z(y) = -7*y**2 + 7366*y + 250686. Calculate z(-33).
-15
Let d(n) = -139*n**2 - 15280*n + 1084. Give d(-110).
-16
Let s(d) = -d**3 + 198*d**2 + 464*d + 27941. Determine s(201).
2
Let b(s) = -130*s - 1718. What is b(-8)?
-678
Let l(s) = 20*s**3 + 3347*s**2 + 1165*s - 815. What is l(-167)?
-147
Let n(f) = 23*f**2 + 3743*f - 725. Determine n(-163).
253
Let q(l) = l**3 - 62*l**2 - 83*l + 1943. What is q(63)?
683
Let y(l) = -l**3 + 25*l**2 + 112*l - 2702. Determine y(25).
98
Let l(v) = -v**2 + 43109*v + 1985141. Give l(-46).
11
Let h(s) = -s**3 + 137*s**2 - 291*s + 4397. Give h(135).
1562
Let v(h) = -7*h**2 + 85*h - 316. Give v(10).
-166
Let z(y) = 4*y**2 - 264*y + 1310. Calculate z(5).
90
Let j(z) = 4*z**2 - 1041*z + 17440. Give j(18).
-2
Let b(a) = a**3 + 71*a**2 - 32*a + 1947. Calculate b(-72).
-933
Let v(s) = 4275*s - 86555. Determine v(21).
3220
Let w(v) = 1050*v - 221115. Determine w(209).
-1665
Let z(t) = 2*t**2 + 311*t - 605. Determine z(2).
25
Let w(n) = -n**3 - n**2 - 11*n + 26. Determine w(2).
-8
Let t(w) = 2*w**2 + 26*w - 2449. Calculate t(0).
-2449
Let d(i) = -i**3 + 15*i**2 - 257*i + 2368. Calculate d(9).
541
Let s(k) = k**3 + 95*k**2 - 10627*k - 203. Give s(-161).
-42
Let k(r) = -11*r**2 - 2536*r + 11615. Calculate k(-236).
-2545
Let i(n) = -2*n**3 + 4454*n**2 + 76274*n - 381. Calculate i(-17).
-7
Let k(j) = -35*j**3 - 22*j**2 - 30*j + 53. Determine k(1).
-34
Let m(k) = -62158*k - 187793. Determine m(-3).
-1319
Let b(z) = 3*z**3 + 932*z**2 - 312*z - 215. Calculate b(-311).
96
Let k(s) = -2*s**2 - 341*s - 2919. Give k(-159).
738
Let o(h) = -3*h**2 + 427793*h - 1711120. What is o(4)?
4
Let k(x) = -27*x**2 - 305*x + 93. Determine k(-12).
-135
Let n(j) = 2*j**3 + 2035*j**2 + 24135*j + 31. What is n(-12)?
-5
Let a(b) = b**3 - 479*b**2 - 484*b + 1930. What is a(480)?
10
Let r(a) = 3*a**2 + 729*a + 15791. Determine r(-24).
23
Let j(c) = -10671*c - 672279. Calculate j(-63).
-6
Let s(d) = -d**2 - 4279*d - 46953. Determine s(-11).
-5
Let n(m) = -9*m**2 - 656*m + 66. Give n(-75).
-1359
Let u(j) = -5857*j - 30868. What is u(-5)?
-1583
Let g(n) = -n**2 + 2034*n - 909680. Calculate g(664).
0
Let b(d) = 188*d**3 - 1146*d**2 + 104*d + 4. Determine b(6).
-20
Let y(g) = 2*g**3 - 9*g**2 + 103*g - 377. Calculate y(4).
19
Let d(z) = 9*z**3 - 60*z**2 + 143*z - 8. Give d(7).
1140
Let g(b) = 493*b - 7009. What is g(13)?
-600
Let o(r) = 1801*r**2 - 311571*r - 373. Determine o(173).
-27
Let f(w) = -w**3 + 21*w**2 - 6562*w + 213029. Give f(31).
-3
Let h(v) = 22637*v - 2716470. Calculate h(120).
-30
Let g(d) = -2*d**3 - 167*d**2 - 409*d - 299. Calculate g(-81).
25
Let r(y) = -y**2 + 502*y + 21239. What is r(-40)?
-441
Let j(z) = -2*z**3 + 67*z**2 - 38*z + 154. What is j(33)?
-11
Let h(w) = -w**2 + 281*w - 12087. What is h(228)?
-3
Let m(j) = j**2 - 1057*j - 6354. Give m(-6).
24
Let k(v) = -20*v**2 + 819*v - 1704. Calculate k(2).
-146
Let l(r) = -r**3 + 73*r**2 - 515*r + 385. Give l(7).
14
Let y(x) = 1038*x + 6588. Determine y(-8).
-1716
Let t(v) = -2*v**3 - 1804*v**2 + 46275*v - 69529. Give t(-927).
-4
Let q(y) = 146*y - 1098. Determine q(5).
-368
Let a(k) = -332215*k - 4318789. What is a(-13)?
6
Let w(s) = s**3 + 2604*s**2 - 9537*s + 2334158. Determine w(-2608).
-2
Let u(l) = 380*l - 12912. What is u(34)?
8
Let g(x) = 5*x**2 + 266*x - 2115. What is g(7)?
-8
Let v(f) = 26*f + 784. Give v(15).
1174
Let o(g) = -50*g**2 + 451*g - 22. Calculate o(9).
-13
Let f(q) = -125*q**2 - 2970*q + 766. What is f(-24)?
46
Let p(i) = 17*i**2 - 4216*i - 289451. What is p(-56)?
-43
Let i(r) = -r**3 + 34*r**2 - 80*r + 356. Determine i(31).
759
Let x(m) = -29*m**3 - 9*m**2 - 85*m - 173. Determine x(-3).
784
Let u(c) = c**2 - 901910*c + 18939655. Calculate u(21).
-14
Let h(i) = i**3 + 261*i**2 - 33*i - 8556. Calculate h(-261).
57
Let k(w) = -46*w**2 + 473*w - 820. What is k(8)?
20
Let p(x) = 10090*x + 746639. Calculate p(-74).
-21
Let l(a) = -a**3 + 88*a**2 - 1098*a - 3. What is l(73)?
-222
Let n(d) = -d**3 - 72*d**2 + 1205*d + 117. Give n(-86).
31
Let c(p) = p**3 + 4*p**2 - 412*p - 2361. Calculate c(-6).
39
Let u(m) = -6*m**3 + 30*m**2 - 8*m - 9. Calculate u(7).
-653
Let d(c) = -64*c**2 + 3523*c - 63. Give d(55).
102
Let w(h) = h**3 + 82*h**2 + 46*h + 502. What is w(-82)?
-3270
Let u(l) = -246*l - 16749. Determine u(-47).
-5187
Let h(d) = -13*d**2 + 609*d + 22296. What is h(71)?
2
Let a(m) = m**2 - 218*m + 11924. What is a(91)?
367
Let b(g) = 5*g**3 - 191*g**2 + 1379*g - 524. Give b(9).
61
Let n(o) = 15104*o - 377753. Give n(25).
-153
Let v(j) = 5*j**3 + 279*j**2 - 76*j - 936. Give v(-56).
184
Let q(x) = 10*x**3 + 387*x**2 + 308*x + 307. Determine q(-38).
-1289
Let c(x) = -x**2 - 2866*x - 656364. Calculate c(-251).
1
Let f(s) = 5083*s + 71183. Calculate f(-14).
21
Let n(m) = -27*m**2 + 791*m + 998. Give n(31).
-428
Let f(o) = -o**3 - 216*o**2 + 13934*o - 542. Calculate f(-268).
-6
Let w(j) = j**2 + 169*j - 5088. Determine w(23).
-672
Let n(w) = 69*w**2 - 3658*w + 576. Calculate n(53).
523
Let b(q) = 275755*q - 1930285. Determine b(7).
0
Let x(q) = q**3 + 1754*q**2 + 466629*q - 9. Calculate x(-327).
-9
Let f(m) = 1516*m - 87974. Determine f(58).
-46
Let v(o) = -2*o**3 + 12*o**2 + 92*o - 1071. Give v(12).
-1695
Let d(g) = -2272639*g - 27271668. What is d(-12)?
0
Let c(x) = -536*x + 15428. Give c(30).
-652
Let b(w) = -w**3 - 90*w**2 + 676*w - 98. What is b(-97)?
193
Let j(a) = -912*a**2 + 7292*a + 37. Determine j(8).
5
Let w(q) = 80*q**2 - 22397*q - 87. Calculate w(280).
753
Let p(l) = 27*l**2 + 2369*l + 513. Give p(-88).
1129
Let m(d) = -2*d**3 - 27*d**2 - 65*d - 1569. Determine m(-15).
81
Let k(d) = 6*d**2 - 2897*d + 60399. What is k(461)?
8
Let m(k) = 2446*k**2 - 44046*k + 353. What is m(18)?
29
Let a(k) = k**3 + 59*k**2 - 1586*k - 277. What is a(-79)?
197
Let n(w) = -w**2 - 4944*w - 73928. Calculate n(-15).
7
Let t(f) = -6*f**2 + 292*f - 2635. What is t(12)?
5
Let r(d) = 3*d**2 - 414*d + 12861. Determine r(62).
-1275
Let p(x) = -3*x**3 + 121*x**2 - 468*x - 19. Calculate p(36).
-19
Let u(k) = -8*k**3 - 174*k**2 - 802*k + 124. Calculate u(-15).
4
Let o(b) = 32*b + 3585. Calculate o(-101).
353
Let r(s) = -s**3 + 119*s**2 + 127*s - 1142. What is r(120)?
-302
Let j(g) = g**3 - 43*g**2 - 94*g + 1063. Give j(43).
-2979
Let y(b) = 117880*b + 1650336. Determine y(-14).
16
Let w(y) = -50*y - 878. Calculate w(-3).
-728
Let j(x) = -71*x**2 + 719*x + 1692. Determine j(-2).
-30
Let p(q) = 60*q**2 + 21963*q + 1080. Determine p(-366).
-18
Let n(x) = -136*x*